ate m(-40).
-5
Let m(q) = 3*q**3 - 545*q**2 - 1587*q + 196. What is m(-3)?
-29
Let c(x) = 836*x + 11574. Give c(-14).
-130
Let c(d) = 30*d**2 - 3070*d + 72527. Calculate c(37).
7
Let y(p) = p**3 + 144*p**2 - 7831*p + 779. Calculate y(42).
-19
Let f(i) = -i**3 + 35*i**2 + 478*i - 289. Determine f(-11).
19
Let y(v) = 1720*v**2 + 15482*v - 5. Calculate y(-9).
-23
Let j(i) = i + 750. Calculate j(-61).
689
Let n(a) = -10*a**2 + 795*a - 7548. Calculate n(11).
-13
Let j(c) = -2*c**3 - 646*c**2 + 55017*c - 1180. Calculate j(-393).
-1
Let d(l) = 795*l**2 - 3178*l - 16. Calculate d(4).
-8
Let b(m) = 2*m**3 - 58*m**2 - 200*m + 7213. Give b(28).
45
Let s(g) = g**3 + 10*g**2 - 12319*g - 135503. Determine s(-11).
-115
Let o(c) = -9474*c + 151305. Calculate o(16).
-279
Let q(t) = -2*t**3 + 6*t**2 + 1147*t + 9090. Give q(-15).
-15
Let q(k) = -3*k**3 + 101*k**2 - 614*k - 17. What is q(8)?
-1
Let x(d) = -1291*d + 246562. Determine x(191).
-19
Let x(d) = -d**2 + 111*d - 1697. Give x(90).
193
Let t(l) = -579*l**2 + 4634*l + 58. What is t(8)?
74
Let u(n) = 453891*n + 19971210. Calculate u(-44).
6
Let j(h) = 23*h**3 - 8*h**2 - 237*h + 1210. Determine j(5).
2700
Let f(l) = -l**3 + 71*l**2 - 115*l - 1569. Determine f(69).
18
Let i(u) = 8*u**3 - u**2 - 1976*u - 5. Calculate i(0).
-5
Let b(o) = -14*o**3 - 3596*o**2 + 7765*o - 1355. What is b(-259)?
-60
Let q(c) = -c**2 - 258*c - 16340. What is q(-135)?
265
Let h(x) = 5397*x + 37884. Calculate h(-7).
105
Let o(r) = 35*r**2 - 26*r - 114. Calculate o(-4).
550
Let x(u) = -u**2 + 376*u - 20537. What is x(71)?
1118
Let c(f) = f**2 + 366*f + 12193. Calculate c(-37).
20
Let u(c) = -136*c - 30830. Determine u(-226).
-94
Let q(n) = -6923*n - 187083. What is q(-27)?
-162
Let l(o) = o**3 - 25*o**2 - 14840*o + 59. Give l(-110).
-1041
Let g(o) = 4*o**3 + 141*o**2 + 65*o + 753. Calculate g(-35).
-297
Let s(y) = -y**3 + 96*y**2 + 180*y - 26228. What is s(95)?
-103
Let u(y) = -y**3 - 11*y**2 + 3658*y - 1530. Determine u(55).
10
Let c(w) = -474*w + 53145. What is c(112)?
57
Let b(o) = -327*o**3 - 36*o**2 + 21*o + 15. Determine b(1).
-327
Let a(s) = 83*s**2 - 616*s + 203. Calculate a(8).
587
Let p(m) = -m**3 + 20*m**2 - 338*m + 7554. Calculate p(21).
15
Let r(g) = 1482*g + 5716. Determine r(-3).
1270
Let d(n) = 2*n**2 - 53968*n - 377856. Give d(-7).
18
Let k(x) = -475*x - 9868. Determine k(-21).
107
Let j(o) = 2298*o - 13116. Determine j(6).
672
Let i(c) = -5*c**3 + 3*c**2 - 24*c - 94. Determine i(-5).
726
Let i(n) = n**3 + 102*n**2 + 2389*n - 2739. Calculate i(-64).
13
Let c(z) = -z**3 + 192*z**2 - 17439*z + 3402974. Determine c(193).
-2
Let a(x) = 826*x**2 - 4108*x - 3. Give a(5).
107
Let p(w) = -8201*w + 33210. Determine p(4).
406
Let i(o) = -9*o**3 - 318*o**2 - 104*o + 44. Calculate i(-35).
9
Let g(d) = 4*d**3 - 4*d**2 - 15*d - 12. What is g(-1)?
-5
Let x(i) = -i**2 - 77778*i + 466675. What is x(6)?
-29
Let v(o) = -2*o**3 - 345*o**2 + 124*o + 50868. Calculate v(-172).
-44
Let j(a) = -a**3 - 2*a**2 + 3328*a - 1940. Calculate j(-59).
125
Let x(l) = -16330*l + 48992. What is x(3)?
2
Let l(q) = -3*q**3 + 32*q**2 + 6*q + 383. What is l(12)?
-121
Let z(f) = 3*f**3 + 17*f**2 + f - 25. What is z(-12)?
-2773
Let t(x) = -301*x**2 + 15584*x + 17. Determine t(52).
-3519
Let h(i) = -i**2 + 3679097*i + 14716407. What is h(-4)?
3
Let i(k) = -223*k - 1128. Determine i(-12).
1548
Let l(i) = 11027*i - 452116. Give l(41).
-9
Let x(i) = 523*i**2 + 69552*i - 524. What is x(-133)?
407
Let k(i) = -144*i**2 + 1058*i + 1. Determine k(8).
-751
Let z(b) = 8*b**2 + 11436*b + 1093030. What is z(-103)?
-6
Let z(d) = -d**3 - 6901*d**2 + 249723*d + 330. Calculate z(36).
6
Let o(q) = -q**3 - 8*q**2 + 6*q + 41. What is o(-4)?
-47
Let j(a) = 3466*a + 90477. What is j(-26)?
361
Let v(a) = -9*a**2 - 18*a + 125. Determine v(-6).
-91
Let u(g) = 961*g**2 + 100*g + 101. Determine u(-1).
962
Let m(c) = -126*c + 494. What is m(7)?
-388
Let r(v) = -4*v**3 + 49*v**2 - 15*v + 47. Calculate r(12).
11
Let o(y) = -3266*y - 70916. What is o(-22)?
936
Let x(r) = 2*r**2 - 128028*r + 1536059. Give x(12).
11
Let k(h) = -90920*h + 21820795. Calculate k(240).
-5
Let x(f) = -7473*f + 37087. Determine x(5).
-278
Let g(w) = -47*w**2 + 79*w + 153. Give g(-2).
-193
Let x(h) = -7696*h - 123315. What is x(-16)?
-179
Let u(y) = -4*y**3 + 111*y**2 - 17*y - 1708. Determine u(27).
20
Let y(t) = t**3 + 69*t**2 - 1362*t + 11. Calculate y(16).
-21
Let h(d) = -988*d - 175872. Give h(-178).
-8
Let k(q) = 142*q - 4953. Give k(33).
-267
Let x(p) = -1293052*p + 14223567. Give x(11).
-5
Let t(s) = 18*s**3 - 6*s**2 + 273*s - 1097. Calculate t(4).
1051
Let h(p) = 79*p**2 - 91*p + 39. What is h(8)?
4367
Let x(h) = 2*h**3 + 36*h**2 - 892*h + 109. Calculate x(-32).
-19
Let p(k) = 354*k - 8254. Give p(26).
950
Let f(q) = -1346*q + 64496. Calculate f(48).
-112
Let s(i) = -18*i**3 + 141*i**2 + 433*i + 50. Determine s(-3).
506
Let y(s) = s**2 + 527*s + 20022. What is y(-43)?
-790
Let k(v) = v**2 - 17129*v + 85618. Give k(5).
-2
Let x(q) = 4350*q - 226196. Calculate x(52).
4
Let a(n) = n**2 + 8962*n + 330175. Calculate a(-37).
-50
Let i(q) = -352*q**2 + 2042*q + 3086. What is i(7)?
132
Let c(h) = 268*h**2 - 1799*h - 3598. Determine c(-2).
1072
Let a(o) = -2*o**2 - 1481*o + 41444. Calculate a(27).
-1
Let r(z) = -215623*z - 431245. Give r(-2).
1
Let s(v) = -v**2 - 1096*v - 31977. Calculate s(-30).
3
Let h(t) = 4*t**2 - 4910*t - 94. What is h(0)?
-94
Let l(h) = 6810*h + 109113. Give l(-16).
153
Let b(x) = -452*x - 450. Give b(-3).
906
Let u(b) = -56*b**3 - 1675*b**2 + 190*b - 120. Determine u(-30).
-1320
Let s(o) = -73*o - 2749. What is s(-42)?
317
Let q(o) = 98098*o + 588498. Give q(-6).
-90
Let p(f) = -5619*f - 814752. What is p(-145)?
3
Let d(q) = -4*q**3 + 199*q**2 - 2293*q + 62. Give d(18).
-64
Let v(m) = -m**3 + 53*m**2 + 1926*m + 1920. Determine v(78).
48
Let b(r) = -116*r**2 + 525*r - 59. Determine b(7).
-2068
Let n(h) = -h**3 - 47*h**2 + 1626*h + 1121. What is n(-70)?
1
Let u(i) = -1481*i - 180312. Calculate u(-122).
370
Let m(w) = w**2 - 260*w + 11374. Calculate m(207).
403
Let c(a) = a**2 + 51561*a + 309358. Determine c(-6).
28
Let z(a) = -a**3 + 45*a**2 - 1744*a - 9973. Determine z(-5).
-3
Let l(p) = 375*p + 10046. Give l(-28).
-454
Let v(s) = 63*s**2 - 5106*s + 244. Calculate v(81).
1
Let a(c) = -4789*c - 397568. What is a(-83)?
-81
Let j(y) = 236208*y - 1417263. Determine j(6).
-15
Let f(w) = -30259*w**2 - 393368*w - 23. What is f(-13)?
-10
Let g(n) = 135*n + 35635. What is g(-262)?
265
Let o(r) = -r**2 - 46126*r + 13460646. Determine o(290).
6
Let q(n) = -3170024*n + 38040274. Determine q(12).
-14
Let c(n) = 26*n**2 + 718*n + 2883. Determine c(-5).
-57
Let p(y) = -8*y**2 + 491*y - 928. Determine p(59).
193
Let g(z) = 351190*z + 2107210. Give g(-6).
70
Let w(d) = 366*d**3 + 5*d**2 - 43*d + 40. What is w(1)?
368
Let y(d) = -d**3 + 13*d**2 + 308*d - 646. Give y(-12).
-742
Let d(g) = 2*g**2 - 470*g + 2233. Give d(230).
-67
Let p(h) = -97*h**3 - 6*h**2 - 34*h - 32. Calculate p(-1).
93
Let p(g) = 388*g**2 + 1788*g + 8. What is p(-5)?
768
Let v(c) = 2301*c - 12143. What is v(5)?
-638
Let n(g) = g**3 + 264*g**2 + 6194*g + 115. What is n(-26)?
-41
Let h(q) = -6*q**3 + 150*q**2 - 13*q + 413. Give h(25).
88
Let c(p) = 65*p**3 + 62*p**2 + 89*p + 91. Determine c(-1).
-1
Let y(r) = 39607*r - 10456250. Calculate y(264).
-2
Let o(g) = -g**3 + 411*g**2 - 649*g + 97984. Determine o(410).
-6
Let j(u) = 3*u**2 + 322*u + 244. Calculate j(-105).
-491
Let c(s) = 338*s**2 - 270384*s - 12769. What is c(800)?
31
Let n(q) = -q**2 + 6524*q - 445404. What is n(69)?
-9
Let t(m) = -14*m**2 - 20428*m - 658884. What is t(-33)?
-6
Let l(d) = 2*d**3 - 83*d**2 - 32*d + 1958. What is l(41)?
-1035
Let j(u) = -3*u**3 - 39*u**2 - 18*u + 56. What is j(-11)?
-472
Let q(w) = -3*w**3 - 43*w**2 - 66*w - 736. Determine q(-14).
-8
Let t(k) = -k**3 + 39*k**2 - 627*k + 2462. Calculate t(6).
-112
Let q(l) = -l**3 + 8951*l**2 - 26843*l - 9. Determine q(3).
-6
Let a(c) = -c**3 - 86*c**2 + 73*c + 192. What is a(-87)?
1410
Let z(w) = -170794*w + 853973. Calculate z(5).
3
Let u(f) = f**3 + 426*f**2 - 16707*f + 2719. Give u(36).
19
Let u(f) = -f**3 - 3*f**2 + 387*f - 44. Give u(-21).
-233
Let z(g) = -2*g**2 - 19112*g + 440747. Calculate z(23).
113
Let g(r)